hat is -2042004 + 10?
-2041444
In base 13, what is 0 - -62539?
62539
In base 12, what is -4 - -ab70?
ab68
In base 15, what is -1037e3 - -1?
-1037e2
In base 13, what is -20ba6 + 4?
-20ba2
In base 4, what is -13321030013 + -10?
-13321030023
In base 8, what is 5 + -2235436?
-2235431
In base 5, what is 34423034 + 4?
34423043
In base 12, what is 31a - 113?
207
In base 8, what is 3533 - -7?
3542
In base 11, what is 107a46 + 2?
107a48
In base 15, what is 2de - -1b?
30a
In base 7, what is 4 + -1261220?
-1261213
In base 16, what is 0 + b73a?
b73a
In base 4, what is 23103 - 111?
22332
In base 6, what is 251025 - -1?
251030
In base 9, what is -6732 - 13?
-6745
In base 3, what is -11122 + -110200?
-122022
In base 8, what is 571 + -52?
517
In base 11, what is -20 + -21?
-41
In base 14, what is -5 - 6b7d?
-6b84
In base 9, what is -81 + -5?
-86
In base 7, what is 23 - 432?
-406
In base 10, what is -30480 - 0?
-30480
In base 6, what is -1141 + -555?
-2140
In base 2, what is -10010011000101000111 + -101?
-10010011000101001100
In base 2, what is -100 + -101010010000111?
-101010010001011
In base 11, what is -4 - 1a6840?
-1a6844
In base 11, what is 112 + -8a16?
-8904
In base 2, what is -1010101010100 - -1100?
-1010101001000
In base 4, what is -103 + -2213111?
-2213220
In base 15, what is 4 - 32a2?
-329d
In base 15, what is -236 + 86?
-1a0
In base 12, what is 6116a - -3?
61171
In base 12, what is -1b30 + b?
-1b21
In base 2, what is -1100100110110 + 11000?
-1100100011110
In base 10, what is 430 - -841?
1271
In base 10, what is -4 + 350929?
350925
In base 14, what is -78 + -3d14?
-3d8c
In base 13, what is 8 + -b7a85?
-b7a7a
In base 4, what is -122100111 + 10?
-122100101
In base 9, what is 5017 - 5?
5012
In base 4, what is 3 - -22101230?
22101233
In base 15, what is -61c94 + 0?
-61c94
In base 7, what is -12 + 2404253?
2404241
In base 2, what is -10111000111011100 - 111?
-10111000111100011
In base 11, what is 11 - 6097?
-6086
In base 11, what is 432 + 52a?
961
In base 8, what is -4 - -4573?
4567
In base 13, what is -3153c - 0?
-3153c
In base 12, what is -1 - -b1?
b0
In base 11, what is 2 - -11497?
11499
In base 10, what is -198905 + -8?
-198913
In base 15, what is 7 - -e403a?
e4042
In base 16, what is af31 - 5?
af2c
In base 11, what is -61777a3 - 5?
-61777a8
In base 15, what is -3564 - -8?
-355b
In base 9, what is 253687 - 2?
253685
In base 2, what is -10 - -10010111110011111110?
10010111110011111100
In base 4, what is 310230 - 130?
310100
In base 6, what is 434 + 2334?
3212
In base 14, what is 1 + 480d?
4810
In base 2, what is -11010011100011100 + -101?
-11010011100100001
In base 11, what is 2251 + 392?
2633
In base 16, what is -2 - 1a789b?
-1a789d
In base 6, what is 5 + 5322?
5331
In base 2, what is 11 - 100000001001101?
-100000001001010
In base 7, what is -1066044 - 1?
-1066045
In base 9, what is 2172 + -238?
1833
In base 3, what is 1112 - 222101?
-220212
In base 12, what is -a0007 - 1?
-a0008
In base 10, what is 89530 + -4?
89526
In base 16, what is 16bef + 1?
16bf0
In base 13, what is 1180 - 48a?
9c3
In base 12, what is 8b68 - 54?
8b14
In base 14, what is 6aa - d?
69b
In base 6, what is 104005 + 113?
104122
In base 3, what is 1 + -1101121202?
-1101121201
In base 2, what is -10100011 + -1001001101001?
-1001100001100
In base 13, what is 2000c - 5?
20007
In base 9, what is 7 - 13881?
-13873
In base 2, what is -111010001111000010 + 101?
-111010001110111101
In base 6, what is 10110 + -1255?
4411
In base 15, what is 5eb65b + 5?
5eb661
In base 5, what is 0 + 310441413?
310441413
In base 7, what is -2055043 - -4?
-2055036
In base 16, what is -2d278 + 2?
-2d276
In base 3, what is 1120201 + -1012101?
101100
In base 6, what is 5 - -114255?
114304
In base 7, what is -455655 - 31?
-456016
In base 3, what is -21022 + 11010?
-10012
In base 2, what is -10101 - -100101011110?
100101001001
In base 5, what is -2042 - -102?
-1440
In base 9, what is 254850 - 3?
254846
In base 4, what is 1220 + 13221?
21101
In base 12, what is 3 + 22b0?
22b3
In base 16, what is -218 + 379?
161
In base 10, what is -3354 + 11?
-3343
In base 11, what is -9a9175 - 4?
-9a9179
In base 8, what is -2 - 503431?
-503433
In base 3, what is -210022110 + -11?
-210022121
In base 7, what is -255656 + 1?
-255655
In base 2, what is 10111010101 + 1?
10111010110
In base 15, what is -3 + 1aa9d?
1aa9a
In base 11, what is -54263 + 3?
-54260
In base 7, what is 3004302 + 3?
3004305
In base 12, what is 9baa - 0?
9baa
In base 15, what is 55 + -18?
3c
In base 2, what is 110110110101111100010 - -101?
110110110101111100111
In base 3, what is 101 + 110121?
110222
In base 5, what is -1430 + 1231?
-144
In base 14, what is 2 - 75a0?
-759c
In base 11, what is -640 + -283a?
-337a
In base 6, what is 5405230 - 4?
5405222
In base 6, what is -4 - 14253?
-14301
In base 15, what is 503 + -480?
73
In base 14, what is 4d2 + b2?
5a4
In base 6, what is 11 + -13221?
-13210
In base 15, what is 24 - -59be?
59e3
In base 12, what is 8677 + -4?
8673
In base 3, what is 20212121012 - 20?
20212120222
In base 7, what is 54 + -1130?
-1043
In base 10, what is -2712 - 4?
-2716
In base 16, what is 10a1e + 1?
10a1f
In base 14, what is -14 - 1b780?
-1b794
In base 10, what is -34692 - -5?
-34687
In base 14, what is 185 + 12c1?
1466
In base 12, what is 2b19a - -2?
2b1a0
In base 12, what is 514 - -1a70?
2384
In base 15, what is -c + 52ea2?
52e95
In base 2, what is 1 - 11100101010011?
-11100101010010
In base 10, what is -21 + 107076?
107055
In base 12, what is -674 + -1bb?
-873
In base 6, what is -142441052 - 2?
-142441054
In base 8, what is 17126551 - -3?
17126554
In base 2, what is 10011 + 11110001110101100?
11110001110111111
In base 2, what is 11010111 + 1101?
11100100
In base 3, what is 0 + -120110002?
-120110002
In base 16, what is 37c + -d0?
2ac
In base 9, what is 14401 - -25?
14426
In base 8, what is 4204 + 1762?
6166
In base 2, what is -10000000100100001 - -100?
-10000000100011101
In base 6, what is -2 - 50223550?
-50223552
In base 4, what is -10 + -112013?
-112023
In base 11, what is -11a6442 - 2?
-11a6444
In base 14, what is -4 - 10422?
-10426
In base 4, what is 1030031213 + 0?
1030031213
In base 12, what is 1006 - -225?
122b
In base 14, what is -34b0 - 13?
-34c3
In base 3, what is -220 - 101022?
-102012
In base 12, what is 3 + -46ba?
-46b7
In base 16, what is 1 + -3c12a?
-3c129
In base 10, what is 5 - 45902?
-45897
In base 6, what is 12 - -34531?
34543
In base 8, what is -12721043 - 1?
-12721044
In base 8, what is 23446 + -30?
23416
In base 16, what is -b + c149?
c13e
In base 2, what is -1110 - 11001?
-100111
In base 12, what is 2b8 + -a52?
-756
In base 7, what is -3 + -13235331?
-13235334
In base 11, what is 44 + 56a8?
5741
In base 9, what is 7521 - -17?
7538
In base 7, what is -146504 - -10?
-146464
In base 11, what is -19 + 28916?
288a8
In base 10, what is 22553 + -35?
22518
In base 6, what is 31041 + 1454?
32535
In base 4, what is 2 - -312011132?
312011200
In base 4, what is -3002302 + -10101?
-3013003
In base 8, what is -130 - -6230?
6100
In base 6, what is -1 + -1523022?
-1523023
In base 5, what is 10 - 412122?
-412112
In base 12, what is -1 - -12719?
12718
In base 9, what is 6306281 - 1?
6306280
In base 16, what is 7343 + -47?
72fc
In base 12, what is 20916 + 1?
20917
In base 14, what is -3 + 174?
171
In base 5, what is -330013 - -24?
-324434
In base 9, what is 83 - -1575?
1668
In base 11, what is -244 - 24?
-268
In base 15, what is a6033 - -4?
a6037
In base 5, what is -2013323 + 413?
-2012410
In base 4, what is -11313330303 + 3?
-11313330300
In base 12, what is -2 + -41ab?
-41b1
In base 4, what is 222230121 + 0?
222230121
In base 3, what is 1001212 + -2000101?
-221112
In base 14, what is 4b - -243a?
2487
In base 9, what is 767 + -30?
737
In base 7, what is 15 + -4610050?
-4610032
In base 7, what is 12 - -655301?
655313
In base 12, what is 3 - 2341?
-233a
In base 9, what is -11 - 12634?
-12645
In base 6, what is -1 + 4024?
4023
In base 10, what is -3 - 50217?
-50220
In base 9, what is -116644 + -5?
-116650
In base 5, what is 1101404 + 243?
1102202
In base 10, what is 71 - -2297?
2368
In base 16, what is 4 + 4d57c?
4d580
In base 15, what is -1653 - 4?
-1657
In base 2, what is -101 + 10111111110100010?
10111111110011101
In base 11, what is -658